ctors of 14966.
2, 7, 1069
What are the prime factors of 1168?
2, 73
What are the prime factors of 3185?
5, 7, 13
List the prime factors of 1489.
1489
What are the prime factors of 2783?
11, 23
What are the prime factors of 827?
827
What are the prime factors of 17456?
2, 1091
What are the prime factors of 7461?
3, 829
List the prime factors of 13881.
3, 7, 661
What are the prime factors of 10773?
3, 7, 19
List the prime factors of 72017.
11, 6547
List the prime factors of 1164.
2, 3, 97
What are the prime factors of 73647?
3, 7, 167
List the prime factors of 59747.
59747
List the prime factors of 977.
977
What are the prime factors of 6534?
2, 3, 11
List the prime factors of 2811.
3, 937
What are the prime factors of 2731?
2731
What are the prime factors of 2816?
2, 11
What are the prime factors of 6267?
3, 2089
List the prime factors of 17214.
2, 3, 19, 151
What are the prime factors of 84637?
7, 107, 113
What are the prime factors of 696?
2, 3, 29
What are the prime factors of 1392?
2, 3, 29
What are the prime factors of 2210?
2, 5, 13, 17
What are the prime factors of 44438?
2, 17, 1307
List the prime factors of 17502.
2, 3, 2917
What are the prime factors of 40301?
191, 211
What are the prime factors of 763?
7, 109
List the prime factors of 55749.
3, 18583
What are the prime factors of 27335?
5, 7, 11, 71
What are the prime factors of 8788?
2, 13
What are the prime factors of 1469?
13, 113
What are the prime factors of 1064?
2, 7, 19
What are the prime factors of 657?
3, 73
What are the prime factors of 19237?
19237
List the prime factors of 6197.
6197
List the prime factors of 1093.
1093
What are the prime factors of 9455?
5, 31, 61
What are the prime factors of 2437?
2437
List the prime factors of 75348.
2, 3, 7, 13, 23
What are the prime factors of 698?
2, 349
What are the prime factors of 2911?
41, 71
List the prime factors of 1182.
2, 3, 197
List the prime factors of 49119.
3, 7, 2339
What are the prime factors of 746?
2, 373
List the prime factors of 1154.
2, 577
List the prime factors of 6352.
2, 397
List the prime factors of 258.
2, 3, 43
List the prime factors of 52126.
2, 67, 389
What are the prime factors of 1352?
2, 13
What are the prime factors of 15305?
5, 3061
What are the prime factors of 1964?
2, 491
List the prime factors of 58975.
5, 7, 337
List the prime factors of 833.
7, 17
What are the prime factors of 6102?
2, 3, 113
List the prime factors of 6939.
3, 257
What are the prime factors of 42773?
42773
What are the prime factors of 13008?
2, 3, 271
List the prime factors of 58520.
2, 5, 7, 11, 19
What are the prime factors of 57885?
3, 5, 17, 227
List the prime factors of 12853.
12853
What are the prime factors of 2118?
2, 3, 353
List the prime factors of 2416.
2, 151
What are the prime factors of 204?
2, 3, 17
What are the prime factors of 2253?
3, 751
What are the prime factors of 1555?
5, 311
List the prime factors of 12900.
2, 3, 5, 43
List the prime factors of 50303.
11, 17, 269
List the prime factors of 21178.
2, 10589
What are the prime factors of 7186?
2, 3593
What are the prime factors of 84494?
2, 83, 509
List the prime factors of 5186.
2, 2593
What are the prime factors of 412?
2, 103
What are the prime factors of 2508?
2, 3, 11, 19
List the prime factors of 2650.
2, 5, 53
What are the prime factors of 3378?
2, 3, 563
List the prime factors of 6224.
2, 389
List the prime factors of 29898.
2, 3, 11, 151
What are the prime factors of 19895?
5, 23, 173
List the prime factors of 9509.
37, 257
List the prime factors of 11929.
79, 151
What are the prime factors of 100?
2, 5
What are the prime factors of 2750?
2, 5, 11
What are the prime factors of 3602?
2, 1801
What are the prime factors of 24996?
2, 3, 2083
What are the prime factors of 2573?
31, 83
List the prime factors of 1780.
2, 5, 89
List the prime factors of 19938.
2, 3, 3323
List the prime factors of 244.
2, 61
List the prime factors of 15523.
19, 43
What are the prime factors of 163251?
3, 11, 17, 97
What are the prime factors of 23528?
2, 17, 173
What are the prime factors of 618?
2, 3, 103
What are the prime factors of 13056?
2, 3, 17
What are the prime factors of 107?
107
List the prime factors of 25358.
2, 31, 409
What are the prime factors of 4870?
2, 5, 487
What are the prime factors of 12126?
2, 3, 43, 47
What are the prime factors of 5635?
5, 7, 23
List the prime factors of 12211.
12211
List the prime factors of 12564.
2, 3, 349
What are the prime factors of 51649?
13, 29, 137
List the prime factors of 1065.
3, 5, 71
What are the prime factors of 662?
2, 331
List the prime factors of 4826.
2, 19, 127
What are the prime factors of 54905?
5, 79, 139
What are the prime factors of 3252?
2, 3, 271
What are the prime factors of 42581?
7, 11, 79
List the prime factors of 4135.
5, 827
What are the prime factors of 15986?
2, 7993
What are the prime factors of 6761?
6761
List the prime factors of 798.
2, 3, 7, 19
List the prime factors of 12182.
2, 6091
What are the prime factors of 11629?
29, 401
What are the prime factors of 41623?
107, 389
What are the prime factors of 19096?
2, 7, 11, 31
What are the prime factors of 210?
2, 3, 5, 7
List the prime factors of 97014.
2, 3, 19, 23, 37
List the prime factors of 86423.
86423
What are the prime factors of 47741?
47741
What are the prime factors of 1504?
2, 47
What are the prime factors of 1133?
11, 103
What are the prime factors of 1122?
2, 3, 11, 17
What are the prime factors of 1395?
3, 5, 31
What are the prime factors of 37990?
2, 5, 29, 131
What are the prime factors of 1472?
2, 23
What are the prime factors of 7126?
2, 7, 509
List the prime factors of 10904.
2, 29, 47
What are the prime factors of 2275?
5, 7, 13
List the prime factors of 6957.
3, 773
What are the prime factors of 492?
2, 3, 41
What are the prime factors of 1584?
2, 3, 11
What are the prime factors of 38268?
2, 3, 1063
List the prime factors of 1792.
2, 7
What are the prime factors of 1386?
2, 3, 7, 11
What are the prime factors of 33221?
139, 239
List the prime factors of 2306.
2, 1153
What are the prime factors of 1078?
2, 7, 11
What are the prime factors of 28103?
157, 179
List the prime factors of 10892.
2, 7, 389
What are the prime factors of 506?
2, 11, 23
List the prime factors of 2026.
2, 1013
What are the prime factors of 234?
2, 3, 13
List the prime factors of 109893.
3, 7, 5233
List the prime factors of 120382.
2, 23, 2617
List the prime factors of 77239.
77239
What are the prime factors of 540?
2, 3, 5
What are the prime factors of 35887?
17, 2111
What are the prime factors of 1109?
1109
List the prime factors of 889.
7, 127
What are the prime factors of 47487?
3, 11, 1439
List the prime factors of 55262.
2, 27631
What are the prime factors of 2679?
3, 19, 47
What are the prime factors of 23971?
23971
List the prime factors of 5278.
2, 7, 13, 29
What are the prime factors of 46?
2, 23
What are the prime factors of 53443?
13, 4111
List the prime factors of 134.
2, 67
List the prime factors of 10240.
2, 5
What are the prime factors of 25495?
5, 5099
List the prime factors of 39366.
2, 3
What are the prime factors of 227?
227
What are the prime factors of 1839?
3, 613
What are the prime factors of 527?
17, 31
List the prime factors of 2191.
7, 313
List the prime factors of 749.
7, 107
What are the prime factors of 11421?
3, 47
List the prime factors of 2468.
2, 617
List the prime factors of 12698.
2, 7, 907
List the prime factors of 4496.
2, 281
What are the prime factors of 1163?
1163
What are the prime factors of 3452?
2, 863
List the prime factors of 8417.
19, 443
What are the prime factors of 240?
2, 3, 5
List the prime factors of 2514.
2, 3, 419
What are the prime factors of 4034?
2, 2017
List the prime factors of 14953.
19, 787
List the prime factors of 8489.
13, 653
List the prime factors of 8994.
2, 3, 1499
List the prime factors of 117056.
2, 31, 59
List the prime factors of 33718.
2, 23, 733
List the prime factors of 22775.
5, 911
List the prime factors of 80661.
3, 7, 23, 167
List the prime factors of 70807.
11, 41, 157
What are the prime factors of 87315?
3, 5, 5821
List the prime factors of 9191.
7, 13, 101
What are the prime factors of 5331?
3, 1777
List the prime factors of 15816.
2, 3, 659
List the prime fact